{"id":148,"date":"2019-02-24T19:29:28","date_gmt":"2019-02-24T19:29:28","guid":{"rendered":"https:\/\/reitanlage-alte-eichen.de\/?page_id=148"},"modified":"2024-11-30T20:43:30","modified_gmt":"2024-11-30T20:43:30","slug":"startseite","status":"publish","type":"page","link":"https:\/\/reitanlage-alte-eichen.de\/","title":{"rendered":"Reitstall"},"content":{"rendered":"<p style=\"text-align: left;\">Zur Vermietung stehen bis zu 9 gro\u00dfe Pferdeboxen mit eigenem Paddock.<\/p>\r\n<p style=\"text-align: left;\">Waschbox mit Warm- und Kaltwasser, \u00a0beheiztes Reiterst\u00fcbchen mit WLAN und Blick in die Reithalle. Alarmgesicherte, beheizte Sattelkammer. Reitplatz und gro\u00dfes Ausreitgel\u00e4nde<\/p>\r\n<p>Aktuell haben wir noch 2 Boxen ab 590.- frei.<\/p>\r\n<p>&nbsp;<\/p>\r\n\r\n<figure class=\"wp-block-image\"><img loading=\"lazy\" decoding=\"async\" width=\"1024\" height=\"410\" class=\"wp-image-231\" src=\"https:\/\/reitanlage-alte-eichen.de\/wp-content\/uploads\/2019\/03\/88F2E2AF-BC07-424A-B33B-D2AAA7847982-1024x410.jpeg\" alt=\"\" srcset=\"https:\/\/reitanlage-alte-eichen.de\/wp-content\/uploads\/2019\/03\/88F2E2AF-BC07-424A-B33B-D2AAA7847982-1024x410.jpeg 1024w, https:\/\/reitanlage-alte-eichen.de\/wp-content\/uploads\/2019\/03\/88F2E2AF-BC07-424A-B33B-D2AAA7847982-300x120.jpeg 300w, https:\/\/reitanlage-alte-eichen.de\/wp-content\/uploads\/2019\/03\/88F2E2AF-BC07-424A-B33B-D2AAA7847982-768x307.jpeg 768w\" sizes=\"auto, (max-width: 767px) 89vw, (max-width: 1000px) 54vw, (max-width: 1071px) 543px, 580px\" \/><\/figure>\r\n\r\n\r\n\r\n<figure class=\"wp-block-image\"><img loading=\"lazy\" decoding=\"async\" width=\"1024\" height=\"614\" class=\"wp-image-29\" src=\"https:\/\/reitanlage-alte-eichen.de\/wp-content\/uploads\/2019\/02\/BD59712C-35AB-4A78-861B-B5DCB656A431-1024x614.jpeg\" alt=\"\" srcset=\"https:\/\/reitanlage-alte-eichen.de\/wp-content\/uploads\/2019\/02\/BD59712C-35AB-4A78-861B-B5DCB656A431-1024x614.jpeg 1024w, https:\/\/reitanlage-alte-eichen.de\/wp-content\/uploads\/2019\/02\/BD59712C-35AB-4A78-861B-B5DCB656A431-300x180.jpeg 300w, https:\/\/reitanlage-alte-eichen.de\/wp-content\/uploads\/2019\/02\/BD59712C-35AB-4A78-861B-B5DCB656A431-768x461.jpeg 768w, https:\/\/reitanlage-alte-eichen.de\/wp-content\/uploads\/2019\/02\/BD59712C-35AB-4A78-861B-B5DCB656A431.jpeg 1500w\" sizes=\"auto, (max-width: 767px) 89vw, (max-width: 1000px) 54vw, (max-width: 1071px) 543px, 580px\" \/><\/figure>\r\n\r\n\r\n\r\n<figure class=\"wp-block-image\"><img loading=\"lazy\" decoding=\"async\" width=\"819\" height=\"1024\" class=\"wp-image-312\" src=\"https:\/\/reitanlage-alte-eichen.de\/wp-content\/uploads\/2019\/03\/7B5054F3-B349-49D0-B496-F342FD674AF0-819x1024.jpeg\" alt=\"\" srcset=\"https:\/\/reitanlage-alte-eichen.de\/wp-content\/uploads\/2019\/03\/7B5054F3-B349-49D0-B496-F342FD674AF0-819x1024.jpeg 819w, https:\/\/reitanlage-alte-eichen.de\/wp-content\/uploads\/2019\/03\/7B5054F3-B349-49D0-B496-F342FD674AF0-240x300.jpeg 240w, https:\/\/reitanlage-alte-eichen.de\/wp-content\/uploads\/2019\/03\/7B5054F3-B349-49D0-B496-F342FD674AF0-768x960.jpeg 768w\" sizes=\"auto, (max-width: 767px) 89vw, (max-width: 1000px) 54vw, (max-width: 1071px) 543px, 580px\" \/><\/figure>\r\n\r\n\r\n\r\n<figure class=\"wp-block-image\"><img loading=\"lazy\" decoding=\"async\" width=\"1024\" height=\"768\" class=\"wp-image-327\" src=\"https:\/\/reitanlage-alte-eichen.de\/wp-content\/uploads\/2019\/04\/5B463CC0-A2A5-4923-B9C0-4D55619DE66C-1024x768.jpeg\" alt=\"\" srcset=\"https:\/\/reitanlage-alte-eichen.de\/wp-content\/uploads\/2019\/04\/5B463CC0-A2A5-4923-B9C0-4D55619DE66C-1024x768.jpeg 1024w, https:\/\/reitanlage-alte-eichen.de\/wp-content\/uploads\/2019\/04\/5B463CC0-A2A5-4923-B9C0-4D55619DE66C-300x225.jpeg 300w, https:\/\/reitanlage-alte-eichen.de\/wp-content\/uploads\/2019\/04\/5B463CC0-A2A5-4923-B9C0-4D55619DE66C-768x576.jpeg 768w\" sizes=\"auto, (max-width: 767px) 89vw, (max-width: 1000px) 54vw, (max-width: 1071px) 543px, 580px\" \/><\/figure>\r\n\r\n\r\n\r\n<figure class=\"wp-block-image\"><img loading=\"lazy\" decoding=\"async\" width=\"1024\" height=\"768\" class=\"wp-image-328\" src=\"https:\/\/reitanlage-alte-eichen.de\/wp-content\/uploads\/2019\/04\/FA35050B-6213-42D1-93F9-B836CAB6A270-1024x768.jpeg\" alt=\"\" srcset=\"https:\/\/reitanlage-alte-eichen.de\/wp-content\/uploads\/2019\/04\/FA35050B-6213-42D1-93F9-B836CAB6A270-1024x768.jpeg 1024w, https:\/\/reitanlage-alte-eichen.de\/wp-content\/uploads\/2019\/04\/FA35050B-6213-42D1-93F9-B836CAB6A270-300x225.jpeg 300w, https:\/\/reitanlage-alte-eichen.de\/wp-content\/uploads\/2019\/04\/FA35050B-6213-42D1-93F9-B836CAB6A270-768x576.jpeg 768w\" sizes=\"auto, (max-width: 767px) 89vw, (max-width: 1000px) 54vw, (max-width: 1071px) 543px, 580px\" \/><\/figure>\r\n","protected":false},"excerpt":{"rendered":"<p>Zur Vermietung stehen bis zu 9 gro\u00dfe Pferdeboxen mit eigenem Paddock. Waschbox mit Warm- und Kaltwasser, \u00a0beheiztes Reiterst\u00fcbchen mit WLAN und Blick in die Reithalle. Alarmgesicherte, beheizte Sattelkammer. Reitplatz und gro\u00dfes Ausreitgel\u00e4nde Aktuell haben wir noch 2 Boxen ab 590.- frei. &nbsp;<\/p>\n","protected":false},"author":1,"featured_media":35,"parent":0,"menu_order":0,"comment_status":"closed","ping_status":"closed","template":"","meta":{"footnotes":""},"class_list":["post-148","page","type-page","status-publish","has-post-thumbnail","hentry"],"_links":{"self":[{"href":"https:\/\/reitanlage-alte-eichen.de\/index.php?rest_route=\/wp\/v2\/pages\/148","targetHints":{"allow":["GET"]}}],"collection":[{"href":"https:\/\/reitanlage-alte-eichen.de\/index.php?rest_route=\/wp\/v2\/pages"}],"about":[{"href":"https:\/\/reitanlage-alte-eichen.de\/index.php?rest_route=\/wp\/v2\/types\/page"}],"author":[{"embeddable":true,"href":"https:\/\/reitanlage-alte-eichen.de\/index.php?rest_route=\/wp\/v2\/users\/1"}],"replies":[{"embeddable":true,"href":"https:\/\/reitanlage-alte-eichen.de\/index.php?rest_route=%2Fwp%2Fv2%2Fcomments&post=148"}],"version-history":[{"count":19,"href":"https:\/\/reitanlage-alte-eichen.de\/index.php?rest_route=\/wp\/v2\/pages\/148\/revisions"}],"predecessor-version":[{"id":475,"href":"https:\/\/reitanlage-alte-eichen.de\/index.php?rest_route=\/wp\/v2\/pages\/148\/revisions\/475"}],"wp:featuredmedia":[{"embeddable":true,"href":"https:\/\/reitanlage-alte-eichen.de\/index.php?rest_route=\/wp\/v2\/media\/35"}],"wp:attachment":[{"href":"https:\/\/reitanlage-alte-eichen.de\/index.php?rest_route=%2Fwp%2Fv2%2Fmedia&parent=148"}],"curies":[{"name":"wp","href":"https:\/\/api.w.org\/{rel}","templated":true}]}}