{"id":3,"date":"2018-06-19T19:26:00","date_gmt":"2018-06-19T19:26:00","guid":{"rendered":"https:\/\/reitanlage-alte-eichen.de\/?page_id=3"},"modified":"2019-02-24T20:38:50","modified_gmt":"2019-02-24T20:38:50","slug":"privacy-policy","status":"publish","type":"page","link":"https:\/\/reitanlage-alte-eichen.de\/?page_id=3","title":{"rendered":"Datenschutz"},"content":{"rendered":"<h2>Datenschutz<\/h2>\n<p>Datenschutzerkl\u00e4rung f\u00fcr unsere Homepage<\/p>\n<p>Diese Datenschutzerkl\u00e4rung gilt f\u00fcr dieses Internet-Angebot. &nbsp;Diese ist f\u00fcr die Inhalte dieses Internet-Angebots verantwortlich. Verweise auf fremde Inhalte sind kenntlich gemacht (s.u.).<br \/>\nDatenverarbeitung im Auftrag<br \/>\nDieses Internet-Angebot wird im Wege der Auftragsdatenverarbeitung von hno \u00c4rzte im netz als technischem Dienstleister vorgehalten. Dabei findet keine \u00fcber das in dieser Erkl\u00e4rung dargestellte Ma\u00df hinausgehende Speicherung und Verarbeitung personenbezogener Nutzungsdaten statt.<br \/>\nErhebung von Nutzungsdaten\/Nutzungsanalyse<br \/>\nBeim Zugriff auf unser Internetangebot erfassen wir folgende Daten in einer Protokolldatei:\u2028\u2028- IP-Adresse in anonymisierter (verk\u00fcrzter) Form\u2028- Zeitpunkt des Zugriffs\u2028- aufgerufene Seite bzw. Name der abgerufenen Datei (URL)\u2028- Status-Informationen (z.B. Fehlercodes)\u2028- \u00fcbertragene Datenmenge\u2028- Browser-Informationen (genuttzer Web-Browser, Betriebssystem, Spracheinstellung etc.)<br \/>\nDie Daten werden ausschlie\u00dflich f\u00fcr statistische Zwecke genutzt. Eine Weitergabe an Dritte erfolgt nicht. Dieses Internetangebot verwendet keine Techniken, die darauf abzielen, das Zugriffsverhalten einzelner Nutzer auszuwerten. Personenbezogene Nutzungsprofile werden nicht erstellt.<br \/>\nLinks zu anderen Webseiten<br \/>\nUnser Internet-Angebot enth\u00e4lt Verweise zu Inhalten anderer Anbieter. Diese sind durch die Angabe expliziter Links (z.B. www.internetseite.de), anhand entsprechender Hinweise im Text oder die Kennzeichnung mit dem Symbol erkennbar. Au\u00dferdem werden externe Verweise in einem eigenen Browserfenster ge\u00f6ffnet. Die Nutzung dieser fremden Inhalte unterliegt gegebenenfalls anderen Vorgaben als den hier dargestellten.<\/p>\n<p>Cookies<br \/>\nIn bestimmten F\u00e4llen werden so genannte tempor\u00e4re Cookies verwendet. Diese enthalten keine personenbezogenen Daten und werden nach Ablauf der Sitzung mit dem Schlie\u00dfen Ihres Web-Browsers automatisch gel\u00f6scht.<\/p>\n<p>Im Fall einer Verlinkung k\u00f6nnen Cookies von Drittanbietern zum Einsatz kommen, ohne dass wir Sie ausdr\u00fccklich darauf hinweisen k\u00f6nnen. Die g\u00e4ngigen Browser erlauben es, die Verarbeitung solcher Cookies festzulegen, so dass Sie das Speichern dieser Cookies deaktivieren bzw. die Art der Verarbeitung durch Ihren Browser einstellen k\u00f6nnen.<\/p>\n<p>Auskunftsrechte<br \/>\nAuskunftsrechte k\u00f6nnen schriftlich gegen\u00fcber den im Impressum genannten Stellen geltend gemacht werden. Dies gilt auch f\u00fcr Widerspr\u00fcche zu einer erteilten Einwilligungserkl\u00e4rung.<br \/>\nVerschl\u00fcsselung<br \/>\nDieses Angebot unterst\u00fctzt gegenw\u00e4rtig keine Datenverschl\u00fcsselung. Bei der \u00dcbertragung Ihrer Daten im Internet besteht daher die M\u00f6glichkeit, da\u00df diese durch Unbefugte zur Kenntnis genommen oder ver\u00e4ndert werden k\u00f6nnen.<\/p>\n","protected":false},"excerpt":{"rendered":"<p>Datenschutz Datenschutzerkl\u00e4rung f\u00fcr unsere Homepage Diese Datenschutzerkl\u00e4rung gilt f\u00fcr dieses Internet-Angebot. &nbsp;Diese ist f\u00fcr die Inhalte dieses Internet-Angebots verantwortlich. Verweise auf fremde Inhalte sind kenntlich gemacht (s.u.). Datenverarbeitung im Auftrag Dieses Internet-Angebot wird im Wege der Auftragsdatenverarbeitung von hno \u00c4rzte im netz als technischem Dienstleister vorgehalten. Dabei findet keine \u00fcber das in dieser Erkl\u00e4rung dargestellte &hellip; <\/p>\n<p class=\"link-more\"><a href=\"https:\/\/reitanlage-alte-eichen.de\/?page_id=3\" class=\"more-link\"><span class=\"screen-reader-text\">\u201eDatenschutz\u201c<\/span> weiterlesen<\/a><\/p>\n","protected":false},"author":1,"featured_media":0,"parent":0,"menu_order":0,"comment_status":"closed","ping_status":"open","template":"","meta":{"footnotes":""},"class_list":["post-3","page","type-page","status-publish","hentry"],"_links":{"self":[{"href":"https:\/\/reitanlage-alte-eichen.de\/index.php?rest_route=\/wp\/v2\/pages\/3","targetHints":{"allow":["GET"]}}],"collection":[{"href":"https:\/\/reitanlage-alte-eichen.de\/index.php?rest_route=\/wp\/v2\/pages"}],"about":[{"href":"https:\/\/reitanlage-alte-eichen.de\/index.php?rest_route=\/wp\/v2\/types\/page"}],"author":[{"embeddable":true,"href":"https:\/\/reitanlage-alte-eichen.de\/index.php?rest_route=\/wp\/v2\/users\/1"}],"replies":[{"embeddable":true,"href":"https:\/\/reitanlage-alte-eichen.de\/index.php?rest_route=%2Fwp%2Fv2%2Fcomments&post=3"}],"version-history":[{"count":2,"href":"https:\/\/reitanlage-alte-eichen.de\/index.php?rest_route=\/wp\/v2\/pages\/3\/revisions"}],"predecessor-version":[{"id":193,"href":"https:\/\/reitanlage-alte-eichen.de\/index.php?rest_route=\/wp\/v2\/pages\/3\/revisions\/193"}],"wp:attachment":[{"href":"https:\/\/reitanlage-alte-eichen.de\/index.php?rest_route=%2Fwp%2Fv2%2Fmedia&parent=3"}],"curies":[{"name":"wp","href":"https:\/\/api.w.org\/{rel}","templated":true}]}}